?
-1102021
What is -12113101 (base 4) in base 10?
-26065
What is 31341 (base 9) in base 3?
1001101101
Convert -5956 (base 13) to base 12.
-7341
294 (base 13) to base 10
459
-78560 (base 10) to base 4
-103023200
Convert 100313 (base 5) to base 6.
22504
What is -235 (base 8) in base 9?
-184
What is 10950 (base 13) in base 12?
15543
Convert 287 (base 15) to base 4.
21001
Convert 46465 (base 8) to base 4.
10310311
Convert -372 (base 11) to base 16.
-1ba
Convert -1267 (base 9) to base 7.
-2530
What is b76 (base 12) in base 5?
23144
Convert -35b6 (base 16) to base 9.
-20767
18dd (base 14) to base 11
3428
Convert 2086 (base 13) to base 7.
16063
-1416 (base 12) to base 13
-1098
What is -2665 (base 10) in base 5?
-41130
What is 2041 (base 5) in base 10?
271
1025 (base 13) to base 8
4264
Convert 58437 (base 9) to base 3.
1222111021
Convert -10000111001 (base 2) to base 6.
-5001
Convert 13155 (base 10) to base 13.
5cac
160 (base 7) to base 4
1123
What is 122133 (base 4) in base 15?
780
-6016 (base 9) to base 5
-120024
-451c (base 15) to base 12
-8590
What is 6760 (base 11) in base 15?
2984
Convert -102330 (base 4) to base 5.
-14322
What is -47a (base 11) in base 5?
-4241
What is 1b2b (base 12) in base 16?
d13
Convert 12636 (base 8) to base 9.
7528
What is -11b6d (base 14) in base 3?
-2012112220
Convert 1982 (base 12) to base 3.
11021122
What is -615 (base 9) in base 14?
-27a
Convert -2413 (base 5) to base 12.
-25a
Convert 28336 (base 11) to base 5.
2242312
What is -62566 (base 7) in base 16?
-3c19
347 (base 11) to base 15
1c9
What is -173 (base 15) in base 4?
-11031
Convert -10001010101110011 (base 2) to base 7.
-414035
Convert 2a3a (base 12) to base 3.
20210001
What is -160 (base 10) in base 5?
-1120
1e35 (base 15) to base 4
1212233
4ac (base 13) to base 6
3442
-1820 (base 14) to base 4
-1003310
Convert -1255 (base 9) to base 11.
-786
fb1b (base 16) to base 3
10021011212
147 (base 16) to base 7
645
10011000010 (base 2) to base 16
4c2
Convert -4378 (base 12) to base 7.
-30452
-30261 (base 7) to base 5
-213334
120211 (base 4) to base 5
22243
-20110 (base 4) to base 6
-2244
3261 (base 8) to base 11
1318
105e (base 16) to base 14
1754
What is -d1c (base 14) in base 3?
-10112100
Convert 22114 (base 9) to base 15.
4534
134224 (base 6) to base 12
7374
What is 41777 (base 9) in base 8?
65732
Convert -100110011001100 (base 2) to base 8.
-46314
-1544 (base 11) to base 12
-1194
Convert -31231 (base 4) to base 3.
-1012111
Convert -1808 (base 16) to base 4.
-1200020
-25863 (base 10) to base 11
-18482
Convert 1002 (base 3) to base 12.
25
Convert -1016 (base 7) to base 15.
-18b
-210 (base 15) to base 2
-111010001
Convert 1110011100 (base 2) to base 16.
39c
What is 44402 (base 6) in base 2?
1100000110010
101010110000111 (base 2) to base 10
21895
Convert 140 (base 16) to base 5.
2240
What is 111100110 (base 2) in base 7?
1263
-a8b (base 12) to base 9
-2108
Convert 321b (base 13) to base 16.
1b29
What is 4a6 (base 13) in base 15?
392
What is -1027 (base 10) in base 7?
-2665
What is 1879 (base 14) in base 16?
1143
What is -12230223 (base 4) in base 11?
-19681
What is 31404 (base 7) in base 2?
1111001000010
Convert -14736 (base 8) to base 13.
-3025
What is 46a (base 12) in base 4?
22102
-22885 (base 10) to base 2
-101100101100101
Convert -2320 (base 6) to base 14.
-2b6
Convert -1230 (base 10) to base 14.
-63c
-1451 (base 7) to base 10
-575
What is -170d (base 15) in base 11?
-3802
-52232 (base 8) to base 3
-1002201011
Convert -785 (base 9) to base 2.
-1010000100
50227 (base 9) to base 14
c048
What is 74 (base 9) in base 14?
4b
1075 (base 8) to base 13
351
Convert -462 (base 14) to base 2.
-1101100110
-31 (base 11) to base 12
-2a
Convert -1918 (base 12) to base 5.
-44134
Convert 1243 (base 7) to base 10.
472
What is 16802 (base 10) in base 13?
7856
What is 15a43 (base 15) in base 10?
69813
-1201111 (base 3) to base 2
-10011100111
-121011 (base 3) to base 15
-1e1
-110110000 (base 2) to base 15
-1dc
What is -3116 (base 10) in base 3?
-11021102
6b4 (base 16) to base 2
11010110100
What is 1b75 (base 16) in base 15?
2139
Convert -4200 (base 6) to base 16.
-3a8
What is -1140454 (base 6) in base 11?
-40a19
What is -bc22 (base 13) in base 4?
-12121233
-10120100 (base 4) to base 6
-215012
What is 4012 (base 7) in base 10?
1381
What is 1515 (base 8) in base 16?
34d
Convert 2485 (base 12) to base 8.
10045
What is -eae5 (base 15) in base 8?
-141063
What is 16833 (base 9) in base 10?
11613
-113461 (base 7) to base 6
-234444
Convert -10000 (base 7) to base 11.
-1893
Convert -3884 (base 12) to base 2.
-1100100100100
Convert -154 (base 16) to base 10.
-340
Convert -212210212 (base 3) to base 8.
-41715
What is -22b (base 16) in base 8?
-1053
Convert -10414 (base 8) to base 4.
-1010030
Convert -1d7 (base 14) to base 16.
-181
Convert -1409 (base 11) to base 8.
-3440
Convert -20c (base 13) to base 7.
-1010
Convert -222102 (base 3) to base 2.
-1011001001
What is -c67 (base 15) in base 3?
-10211121
Convert -696 (base 10) to base 16.
-2b8
What is -21133131 (base 4) in base 7?
-221226
-56e (base 15) to base 10
-1229
What is -6eb (base 15) in base 9?
-2135
Convert 323 (base 7) to base 5.
1124
Convert -31321313 (base 4) to base 15.
-11d1b
Convert -1c6 (base 14) to base 11.
-307
1440341 (base 5) to base 16
7801
Convert -6606 (base 7) to base 9.
-3210
Convert -1092 (base 14) to base 9.
-3841
Convert -4003 (base 8) to base 15.
-91b
Convert -44509 (base 10) to base 4.
-22313131
Convert 25286 (base 10) to base 7.
133502
What is -1564 (base 8) in base 5?
-12014
What is 849 (base 15) in base 7?
5310
Convert -2a307 (base 12) to base 10.
-59191
-13261 (base 7) to base 6
-24311
What is -9191 (base 12) in base 2?
-11110110111101
bd97 (base 14) to base 11
22768
Convert -2fbc (base 16) to base 8.
-27674
What is -2ab8 (base 13) in base 15?
-1caa
Convert 1010001100111011 (base 2) to base 4.
22030323
Convert -7040 (base 8) to base 12.
-2114
Convert -1010120 (base 3) to base 6.
-3453
Convert 5793 (base 12) to base 5.
303014
31423 (base 8) to base 3
122221021
What is 68a0 (base 14) in base 13?
836b
-324 (base 11) to base 2
-110000101
10847 (base 11) to base 14
59c8
What is 232 (base 13) in base 9?
461
What is -2449 (base 16) in base 13?
-42c7
Convert 42501 (base 6) to base 9.
7851
What is -7ffe (base 16) in base 3?
-1122221120
Convert 73c (base 13) to base 3.
1200201
Convert -1413 (base 5) to base 11.
-1a2
66 (base 14) to base 13
6c
30200 (base 5) to base 6
12525
e0c (base 16) to base 13
1838
Convert -2011202 (base 3) to base 15.
-70b
3761 (base 16) to base 6
145345
-110111100111 (base 2) to base 12
-2087
What is -2ce7 (base 15) in base 5?
-302132
What is 211120022 (base 3) in base 7?
65651
Convert -226443 (base 7) to base 5.
-2300301
Convert 8938 (base 13) to base 11.
13424
What is 1ff (base 16) in base 6?
2211
Convert 1017 (base 9) to base 13.
454
What is -15356 (base 8) in base 15?
-2099
What is -1001001011010 (base 2) in base 10?
-4698
What is -5a9e (base 15) in base 2?
-100101101001010
Convert -22445 (base 11) to base 7.
-163454
Convert -1c50 (base 16) to base 13.
-33b7
305 (base 8) to base 9
238
Convert 43a (base 12) to base 10.
622
e7 (base 16) to base 13
14a
Convert 5606 (base 7) to base 4.
133133
10010110101110 (base 2) to base 4
2112232
686a (base 12) to base 5
332402
110101111110 (base 2) to base 15
1054
What is 3c6 (base 14) in base 4?
23322
What is -353 (base 6) in base 4?
-2031
Convert 11034 (base 6) to base 16.
5fe
Convert 111010001011 (base 2) to base 14.
14dd
What is 554503 (base 6) in base 10?
46407
-516 (base 12) to base 8
-1342
807 (base 16) to base 9
2733
23401 (base 6) to base 2
110100111001
-a053 (base 11) to base 13
-6114
Convert 15a1 (base 15) to base 3.
20101021
2665 (base 11) to base 9
4663
What is -1137 (base 8) in base 11?
-502
-744 (base 10) to base 11
-617
-246 (base 8) to base 10
-166
414 (base 10) to base 12
2a6
754 (base 10) to base 11
626
What is 2989 (base 10) in base 4?
232231
Convert 206 (base 16) to base 3.
201012
-17e (base 16) to base 15
-1a7
What is -12222002 (base 3) in base 12?
-2625
What is 2423333 (base 5) in base 9?
68330
277 (base 14) to base 8
761
Convert 102002002 (base 3) to base 12.
480b
-26bc (base 13) to base 11
-41a8
What is -2818 (base 14) in base 12?
-411a